{"id":11637,"date":"2014-11-22T15:57:19","date_gmt":"2014-11-22T13:57:19","guid":{"rendered":"http:\/\/susanne-frigge.de\/?page_id=11637"},"modified":"2022-10-09T11:29:52","modified_gmt":"2022-10-09T09:29:52","slug":"faq-2","status":"publish","type":"page","link":"http:\/\/www.susanne-frigge.de\/schmuck\/faq-2\/","title":{"rendered":"FAQ"},"content":{"rendered":"<p><div class=\"fusion-fullwidth fullwidth-box fusion-builder-row-1 fusion-flex-container hundred-percent-fullwidth non-hundred-percent-height-scrolling\" style=\"--awb-border-radius-top-left:0px;--awb-border-radius-top-right:0px;--awb-border-radius-bottom-right:0px;--awb-border-radius-bottom-left:0px;--awb-overflow:visible;--awb-flex-wrap:wrap;\" ><div class=\"fusion-builder-row fusion-row fusion-flex-align-items-flex-start fusion-flex-content-wrap\" style=\"width:calc( 100% + 0px ) !important;max-width:calc( 100% + 0px ) !important;margin-left: calc(-0px \/ 2 );margin-right: calc(-0px \/ 2 );\"><div class=\"fusion-layout-column fusion_builder_column fusion-builder-column-0 fusion_builder_column_1_1 1_1 fusion-flex-column fusion-flex-align-self-flex-start fusion-column-no-min-height\" style=\"--awb-bg-size:cover;--awb-width-large:100%;--awb-margin-top-large:0px;--awb-spacing-right-large:0px;--awb-margin-bottom-large:0px;--awb-spacing-left-large:0px;--awb-width-medium:100%;--awb-spacing-right-medium:0px;--awb-spacing-left-medium:0px;--awb-width-small:100%;--awb-spacing-right-small:0px;--awb-spacing-left-small:0px;\"><div class=\"fusion-column-wrapper fusion-flex-justify-content-flex-start fusion-content-layout-column\"><div class=\"fusion-title title fusion-title-1 fusion-title-text fusion-title-size-two\" style=\"--awb-sep-color:#f6f6f6;\"><div class=\"title-sep-container title-sep-container-left fusion-no-large-visibility fusion-no-medium-visibility fusion-no-small-visibility\"><div class=\"title-sep sep-single sep-solid\" style=\"border-color:#f6f6f6;\"><\/div><\/div><span class=\"awb-title-spacer fusion-no-large-visibility fusion-no-medium-visibility fusion-no-small-visibility\"><\/span><h2 class=\"fusion-title-heading title-heading-left\" style=\"margin:0;\">Fragen und Antworten<\/h2><span class=\"awb-title-spacer\"><\/span><div class=\"title-sep-container title-sep-container-right\"><div class=\"title-sep sep-single sep-solid\" style=\"border-color:#f6f6f6;\"><\/div><\/div><\/div><div class=\"fusion-separator fusion-full-width-sep\" style=\"align-self: center;margin-left: auto;margin-right: auto;margin-top:-20px;margin-bottom:20px;width:100%;\"><div class=\"fusion-separator-border sep-single sep-solid\" style=\"--awb-height:20px;--awb-amount:20px;border-color:#e0dede;border-top-width:1px;\"><\/div><\/div><\/div><\/div><div class=\"fusion-layout-column fusion_builder_column fusion-builder-column-1 fusion_builder_column_1_1 1_1 fusion-flex-column fusion-flex-align-self-flex-start fusion-column-no-min-height\" style=\"--awb-bg-size:cover;--awb-width-large:100%;--awb-margin-top-large:0px;--awb-spacing-right-large:0px;--awb-margin-bottom-large:0px;--awb-spacing-left-large:0px;--awb-width-medium:100%;--awb-spacing-right-medium:0px;--awb-spacing-left-medium:0px;--awb-width-small:100%;--awb-spacing-right-small:0px;--awb-spacing-left-small:0px;\"><div class=\"fusion-column-wrapper fusion-flex-justify-content-flex-start fusion-content-layout-column\"><div class=\"fusion-title title fusion-title-2 fusion-title-text fusion-title-size-three\"><div class=\"title-sep-container title-sep-container-left fusion-no-large-visibility fusion-no-medium-visibility fusion-no-small-visibility\"><div class=\"title-sep sep-single sep-solid\" style=\"border-color:#e0dede;\"><\/div><\/div><span class=\"awb-title-spacer fusion-no-large-visibility fusion-no-medium-visibility fusion-no-small-visibility\"><\/span><h3 class=\"fusion-title-heading title-heading-left\" style=\"margin:0;\">Hier finden Sie eine Auswahl von Fragen, die mir h\u00e4ufig gestellt werden. Wenn Sie doch eine unbeantwortete Frage haben sollten, z\u00f6gern Sie nicht mich zu kontaktieren. Ich helfe Ihnen gerne weiter.<\/h3><span class=\"awb-title-spacer\"><\/span><div class=\"title-sep-container title-sep-container-right\"><div class=\"title-sep sep-single sep-solid\" style=\"border-color:#e0dede;\"><\/div><\/div><\/div><div class=\"fusion-separator fusion-full-width-sep\" style=\"align-self: center;margin-left: auto;margin-right: auto;margin-bottom:20px;width:100%;\"><\/div><\/div><\/div><\/div><\/div><div class=\"fusion-fullwidth fullwidth-box fusion-builder-row-2 fusion-flex-container hundred-percent-fullwidth non-hundred-percent-height-scrolling\" style=\"--awb-border-radius-top-left:0px;--awb-border-radius-top-right:0px;--awb-border-radius-bottom-right:0px;--awb-border-radius-bottom-left:0px;--awb-overflow:visible;--awb-flex-wrap:wrap;\" ><div class=\"fusion-builder-row fusion-row fusion-flex-align-items-flex-start fusion-flex-content-wrap\" style=\"width:calc( 100% + 0px ) !important;max-width:calc( 100% + 0px ) !important;margin-left: calc(-0px \/ 2 );margin-right: calc(-0px \/ 2 );\"><div class=\"fusion-layout-column fusion_builder_column fusion-builder-column-2 fusion_builder_column_1_1 1_1 fusion-flex-column fusion-flex-align-self-flex-start fusion-column-no-min-height\" style=\"--awb-bg-size:cover;--awb-width-large:100%;--awb-margin-top-large:0px;--awb-spacing-right-large:0px;--awb-margin-bottom-large:0px;--awb-spacing-left-large:0px;--awb-width-medium:100%;--awb-spacing-right-medium:0px;--awb-spacing-left-medium:0px;--awb-width-small:100%;--awb-spacing-right-small:0px;--awb-spacing-left-small:0px;\"><div class=\"fusion-column-wrapper fusion-flex-justify-content-flex-start fusion-content-layout-column\"><style type=\"text\/css\">.fusion-faqs-wrapper #accordian-1 .fusion-panel { border-color:var(--awb-color3); }.fusion-faqs-wrapper #accordian-1 .fusion-panel:hover{ border-color: var(--awb-color3); }.fusion-accordian #accordian-1 .panel-title a .fa-fusion-box:before{ font-size: 13px;width: 13px;}.fusion-accordian #accordian-1 .panel-title a .fa-fusion-box{ color: #ffffff;}.fusion-accordian  #accordian-1 .panel-title a{font-family:var(--awb-typography1-font-family);font-weight:var(--awb-typography1-font-weight);font-style:var(--awb-typography1-font-style);}.fusion-accordian  #accordian-1 .panel-title a:not(:hover){}.fusion-accordian  #accordian-1 .toggle-content{font-family:var(--awb-typography4-font-family);font-weight:var(--awb-typography4-font-weight);font-style:var(--awb-typography4-font-style);}.fusion-accordian #accordian-1 .fa-fusion-box { background-color: #333333 !important;border-color: #333333 !important;}.fusion-accordian #accordian-1 .panel-title a:hover,.fusion-accordian #accordian-1 .panel-title a.hover { color: #a0ce4e;}.fusion-faq-shortcode .fusion-accordian #accordian-1 .fusion-toggle-boxed-mode:hover .panel-title a { color: #a0ce4e;}.fusion-accordian #accordian-1 .panel-title .active .fa-fusion-box,.fusion-accordian #accordian-1 .panel-title a:hover .fa-fusion-box,.fusion-accordian #accordian-1 .panel-title a.hover .fa-fusion-box { background-color: #a0ce4e!important;border-color: #a0ce4e!important;}<\/style><div class=\"fusion-faq-shortcode\" style=\"\"><ul role=\"menu\" class=\"fusion-filters clearfix\"><li role=\"presentation\" class=\"fusion-filter fusion-filter-all fusion-active\"><a role=\"menuitem\" data-filter=\"*\" href=\"#\">All<\/a><\/li><li role=\"presentation\" class=\"fusion-filter fusion-hidden\"><a role=\"menuitem\" data-filter=\".ausstellungen\" href=\"#\">Ausstellungen<\/a><\/li><li role=\"presentation\" class=\"fusion-filter fusion-hidden\"><a role=\"menuitem\" data-filter=\".shop\" href=\"#\">Kauf<\/a><\/li><li role=\"presentation\" class=\"fusion-filter fusion-hidden\"><a role=\"menuitem\" data-filter=\".kontakt\" href=\"#\">Kontakt<\/a><\/li><li role=\"presentation\" class=\"fusion-filter fusion-hidden\"><a role=\"menuitem\" data-filter=\".schmuck\" href=\"#\">Schmuck<\/a><\/li><\/ul><div class=\"fusion-faqs-wrapper\"><div class=\"accordian fusion-accordian\"><div class=\"panel-group \" id=\"accordian-1\"><div class=\"fusion-panel panel-default fusion-faq-post fusion-faq-post-11664 schmuck \"><span class=\"entry-title rich-snippet-hidden\">Mein Ring ist dunkel angelaufen, was kann ich tun?<\/span><span class=\"vcard rich-snippet-hidden\"><span class=\"fn\"><a href=\"http:\/\/www.susanne-frigge.de\/schmuck\/blog\/author\/susannefrigge\/\" title=\"Beitr\u00e4ge von SusanneFrigge\" rel=\"author\">SusanneFrigge<\/a><\/span><\/span><span class=\"updated rich-snippet-hidden\">2015-04-20T20:00:56+02:00<\/span><div class=\"panel-heading\"><h4 id=\"faq_1-11664\" class=\"panel-title toggle\"><a data-toggle=\"collapse\" class=\"collapsed\" data-parent=\"#accordian-1\" data-target=\"#collapse-1-11664\" href=\"#collapse-1-11664\" aria-expanded=\"false\"><div class=\"fusion-toggle-icon-wrapper\"><div class=\"fusion-toggle-icon-wrapper-main\"><div class=\"fusion-toggle-icon-wrapper-sub\"><i class=\"fa-fusion-box active-icon awb-icon-minus\" aria-hidden=\"true\"><\/i><i class=\"fa-fusion-box inactive-icon awb-icon-plus\" aria-hidden=\"true\"><\/i><\/div><\/div><\/div><div class=\"fusion-toggle-heading\">Mein Ring ist dunkel angelaufen, was kann ich tun?<\/div><\/a><\/h4><\/div><div id=\"collapse-1-11664\" aria-labelledby=\"faq_1-11664\" class=\"panel-collapse collapse\"><div class=\"panel-body toggle-content post-content\"><p>Das Metall reagiert mit dem S\u00e4ureschutzmantel der Haut, was ein ganz normaler Vorgang ist. Diese dunkle Schicht oxidiertes Metall k\u00f6nnen Sie leicht entfernen, indem Sie mit Hilfe einer alten Zahnb\u00fcrste und Zahncreme ein wenig polieren. Danach k\u00f6nnen Sie die R\u00fcckst\u00e4nde einfach mit Wasser abwaschen. Wenn Ihr Schmuckst\u00fcck jedoch Filz oder Papierteile enth\u00e4lt, sollten Sie es von Feuchtigkeit fern halten. Wenn Sie sich nicht sicher sind, k\u00f6nnen Sie mich gerne kontaktieren.<\/p>\n<\/div><\/div><\/div><div class=\"fusion-panel panel-default fusion-faq-post fusion-faq-post-11662 schmuck \"><span class=\"entry-title rich-snippet-hidden\">Welche Materialien verwenden Sie und warum?<\/span><span class=\"vcard rich-snippet-hidden\"><span class=\"fn\"><a href=\"http:\/\/www.susanne-frigge.de\/schmuck\/blog\/author\/susannefrigge\/\" title=\"Beitr\u00e4ge von SusanneFrigge\" rel=\"author\">SusanneFrigge<\/a><\/span><\/span><span class=\"updated rich-snippet-hidden\">2015-04-20T20:02:04+02:00<\/span><div class=\"panel-heading\"><h4 id=\"faq_1-11662\" class=\"panel-title toggle\"><a data-toggle=\"collapse\" class=\"collapsed\" data-parent=\"#accordian-1\" data-target=\"#collapse-1-11662\" href=\"#collapse-1-11662\" aria-expanded=\"false\"><div class=\"fusion-toggle-icon-wrapper\"><div class=\"fusion-toggle-icon-wrapper-main\"><div class=\"fusion-toggle-icon-wrapper-sub\"><i class=\"fa-fusion-box active-icon awb-icon-minus\" aria-hidden=\"true\"><\/i><i class=\"fa-fusion-box inactive-icon awb-icon-plus\" aria-hidden=\"true\"><\/i><\/div><\/div><\/div><div class=\"fusion-toggle-heading\">Welche Materialien verwenden Sie und warum?<\/div><\/a><\/h4><\/div><div id=\"collapse-1-11662\" aria-labelledby=\"faq_1-11662\" class=\"panel-collapse collapse\"><div class=\"panel-body toggle-content post-content\"><p>Ich arbeite ausschlie\u00dflich mit hochwertigsten Materialien von vertrauensw\u00fcrdigen Lieferanten, was eine hohe Qualit\u00e4t und lange Haltbarkeit gew\u00e4hrleistet.<br \/>\nMeine Verschl\u00fcsse sind f\u00fcr gew\u00f6hnlich aus 925er Silber, teilweise feingoldplattiert. Das bedeutet, die Oberfl\u00e4che wurde nicht einfach nur &#8222;vergoldet&#8220;, sondern mit einer 40-fachen Goldschicht \u00fcberzogen. Diese zeigt so gut wie gar keine Abnutzungsspuren.<br \/>\nMeine Ringe sind jedoch massiv aus 750er Gold und nicht feingoldplattiert, da durch die erh\u00f6hte Reibung am Finger auch eine Feingoldplattierung abgenutzt wird.<br \/>\nTeilweise verwende ich auch Wei\u00dfgold, das eine k\u00fchlere F\u00e4rbung hat als Silber.<\/p>\n<p>Die Colliers und Armb\u00e4nder werden auf einem d\u00fcnnen Stahlseil aufgef\u00e4delt, welches am Verschluss befestigt wird. Das Stahlseil ist sehr robust und nahezu rei\u00dffest. Jedoch kann es passieren, dass eine Bohrung am Stein oder eine Kante am Stahlseil wetzt und so die Kette aufgeht.<\/p>\n<p>Ich w\u00e4hle Edelsteine, Perlen und sonstige Steine, Muscheln oder Samen sorgf\u00e4ltig aus, jedoch k\u00f6nnen feine Einschl\u00fcsse oder Risse auftreten, die mit blo\u00dfem Auge nicht zu erkennen sind. So k\u00f6nnen Steine nach einiger Zeit noch zerspringen oder St\u00fccke abbrechen.<\/p>\n<p>Alles in Allem gebe ich mir gro\u00dfe M\u00fche Ihnen einzigartige Qualit\u00e4t bereitzustellen, aber Naturmaterialien haben oft keine perfekte Beschaffenheit.<\/p>\n<p>&nbsp;<\/p>\n<\/div><\/div><\/div><div class=\"fusion-panel panel-default fusion-faq-post fusion-faq-post-11660 shop kontakt \"><span class=\"entry-title rich-snippet-hidden\">Kann ich einen Kauf verheimlichen, wenn ich jemandem ein Geschenk machen m\u00f6chte?<\/span><span class=\"vcard rich-snippet-hidden\"><span class=\"fn\"><a href=\"http:\/\/www.susanne-frigge.de\/schmuck\/blog\/author\/susannefrigge\/\" title=\"Beitr\u00e4ge von SusanneFrigge\" rel=\"author\">SusanneFrigge<\/a><\/span><\/span><span class=\"updated rich-snippet-hidden\">2015-04-20T20:03:28+02:00<\/span><div class=\"panel-heading\"><h4 id=\"faq_1-11660\" class=\"panel-title toggle\"><a data-toggle=\"collapse\" class=\"collapsed\" data-parent=\"#accordian-1\" data-target=\"#collapse-1-11660\" href=\"#collapse-1-11660\" aria-expanded=\"false\"><div class=\"fusion-toggle-icon-wrapper\"><div class=\"fusion-toggle-icon-wrapper-main\"><div class=\"fusion-toggle-icon-wrapper-sub\"><i class=\"fa-fusion-box active-icon awb-icon-minus\" aria-hidden=\"true\"><\/i><i class=\"fa-fusion-box inactive-icon awb-icon-plus\" aria-hidden=\"true\"><\/i><\/div><\/div><\/div><div class=\"fusion-toggle-heading\">Kann ich einen Kauf verheimlichen, wenn ich jemandem ein Geschenk machen m\u00f6chte?<\/div><\/a><\/h4><\/div><div id=\"collapse-1-11660\" aria-labelledby=\"faq_1-11660\" class=\"panel-collapse collapse\"><div class=\"panel-body toggle-content post-content\"><p>Ein Geschenk zeichnet sich vor allem dadurch aus, dass\u00a0es f\u00fcr den Beschenkten eine \u00dcberraschung ist. Da Schmuck-Geschenke sehr beliebt sind, bin ich nat\u00fcrlich auf die Situation vorbereitet. Je nachdem, was gerade ben\u00f6tigt wird, kann ich Pakete erst zu einem bestimmten Zeitpunkt zustellen oder an eine bestimmte Lieferadresse (z.B. an Ihr B\u00fcro oder einen Nachbarn) verschicken. Auch ein Gro\u00dfteil der Zahlung kann, wenn n\u00f6tig, auf einen geeigneten Zeitpunkt verschoben werden.<\/p>\n<\/div><\/div><\/div><div class=\"fusion-panel panel-default fusion-faq-post fusion-faq-post-11658 ausstellungen shop kontakt schmuck \"><span class=\"entry-title rich-snippet-hidden\">Haben Sie ein Gesch\u00e4ft?<\/span><span class=\"vcard rich-snippet-hidden\"><span class=\"fn\"><a href=\"http:\/\/www.susanne-frigge.de\/schmuck\/blog\/author\/susannefrigge\/\" title=\"Beitr\u00e4ge von SusanneFrigge\" rel=\"author\">SusanneFrigge<\/a><\/span><\/span><span class=\"updated rich-snippet-hidden\">2015-04-20T20:04:26+02:00<\/span><div class=\"panel-heading\"><h4 id=\"faq_1-11658\" class=\"panel-title toggle\"><a data-toggle=\"collapse\" class=\"collapsed\" data-parent=\"#accordian-1\" data-target=\"#collapse-1-11658\" href=\"#collapse-1-11658\" aria-expanded=\"false\"><div class=\"fusion-toggle-icon-wrapper\"><div class=\"fusion-toggle-icon-wrapper-main\"><div class=\"fusion-toggle-icon-wrapper-sub\"><i class=\"fa-fusion-box active-icon awb-icon-minus\" aria-hidden=\"true\"><\/i><i class=\"fa-fusion-box inactive-icon awb-icon-plus\" aria-hidden=\"true\"><\/i><\/div><\/div><\/div><div class=\"fusion-toggle-heading\">Haben Sie ein Gesch\u00e4ft?<\/div><\/a><\/h4><\/div><div id=\"collapse-1-11658\" aria-labelledby=\"faq_1-11658\" class=\"panel-collapse collapse\"><div class=\"panel-body toggle-content post-content\"><p>Nein, ich habe leider kein Gesch\u00e4ft in diesem Sinne, sondern verkaufe ausschlie\u00dflich im Atelier, auf Ausstellungen und im Online-Shop. Mein Atelier in Traunstein ist vor allem mein Arbeitsplatz.<br \/>\nSollten Sie einen besonderen Wunsch haben, empfehle ich Ihnen mich im Atelier zu besuchen.\u00a0Gerne k\u00f6nnen wir einen Termin vereinbaren, an dem Sie alles in Ruhe ansehen k\u00f6nnen.<\/p>\n<\/div><\/div><\/div><div class=\"fusion-panel panel-default fusion-faq-post fusion-faq-post-11656 ausstellungen kontakt \"><span class=\"entry-title rich-snippet-hidden\">Wann ist Ihre n\u00e4chste Ausstellung?<\/span><span class=\"vcard rich-snippet-hidden\"><span class=\"fn\"><a href=\"http:\/\/www.susanne-frigge.de\/schmuck\/blog\/author\/susannefrigge\/\" title=\"Beitr\u00e4ge von SusanneFrigge\" rel=\"author\">SusanneFrigge<\/a><\/span><\/span><span class=\"updated rich-snippet-hidden\">2015-04-20T20:05:28+02:00<\/span><div class=\"panel-heading\"><h4 id=\"faq_1-11656\" class=\"panel-title toggle\"><a data-toggle=\"collapse\" class=\"collapsed\" data-parent=\"#accordian-1\" data-target=\"#collapse-1-11656\" href=\"#collapse-1-11656\" aria-expanded=\"false\"><div class=\"fusion-toggle-icon-wrapper\"><div class=\"fusion-toggle-icon-wrapper-main\"><div class=\"fusion-toggle-icon-wrapper-sub\"><i class=\"fa-fusion-box active-icon awb-icon-minus\" aria-hidden=\"true\"><\/i><i class=\"fa-fusion-box inactive-icon awb-icon-plus\" aria-hidden=\"true\"><\/i><\/div><\/div><\/div><div class=\"fusion-toggle-heading\">Wann ist Ihre n\u00e4chste Ausstellung?<\/div><\/a><\/h4><\/div><div id=\"collapse-1-11656\" aria-labelledby=\"faq_1-11656\" class=\"panel-collapse collapse\"><div class=\"panel-body toggle-content post-content\"><p>Alle Termine finden Sie unter &#8222;Events&#8220;. Dort stehen neben dem Datum auch Adresse, Homepage und Rahmenprogramm des Veranstalters. Sollten es Ihnen nicht m\u00f6glich sein, mich dort zu besuchen, k\u00f6nnen wir gerne einen Termin in meinem Atelier vereinbaren, wo ich Ihnen alles zeige.<\/p>\n<\/div><\/div><\/div><div class=\"fusion-panel panel-default fusion-faq-post fusion-faq-post-11652 schmuck \"><span class=\"entry-title rich-snippet-hidden\">Bieten Sie einen Reparaturservice f\u00fcr kaputte Schmuckst\u00fccke an?<\/span><span class=\"vcard rich-snippet-hidden\"><span class=\"fn\"><a href=\"http:\/\/www.susanne-frigge.de\/schmuck\/blog\/author\/susannefrigge\/\" title=\"Beitr\u00e4ge von SusanneFrigge\" rel=\"author\">SusanneFrigge<\/a><\/span><\/span><span class=\"updated rich-snippet-hidden\">2015-04-20T20:08:06+02:00<\/span><div class=\"panel-heading\"><h4 id=\"faq_1-11652\" class=\"panel-title toggle\"><a data-toggle=\"collapse\" class=\"collapsed\" data-parent=\"#accordian-1\" data-target=\"#collapse-1-11652\" href=\"#collapse-1-11652\" aria-expanded=\"false\"><div class=\"fusion-toggle-icon-wrapper\"><div class=\"fusion-toggle-icon-wrapper-main\"><div class=\"fusion-toggle-icon-wrapper-sub\"><i class=\"fa-fusion-box active-icon awb-icon-minus\" aria-hidden=\"true\"><\/i><i class=\"fa-fusion-box inactive-icon awb-icon-plus\" aria-hidden=\"true\"><\/i><\/div><\/div><\/div><div class=\"fusion-toggle-heading\">Bieten Sie einen Reparaturservice f\u00fcr kaputte Schmuckst\u00fccke an?<\/div><\/a><\/h4><\/div><div id=\"collapse-1-11652\" aria-labelledby=\"faq_1-11652\" class=\"panel-collapse collapse\"><div class=\"panel-body toggle-content post-content\"><p>Sollte ein Schmuckst\u00fcck, das ich hergestellt habe, kaputt gehen, so biete ich selbstverst\u00e4ndlich eine kostenlose Reparatur an. Besonders Ketten, die jahrelang sehr h\u00e4ufig getragen werden,\u00a0k\u00f6nnen m\u00f6glicherweise durch die Edelsteine abgewetzt werden, sodass sie aufgehen. Es ist jedoch meist kein Problem, diese wieder aufzuf\u00e4deln.<br \/>\nGesprungene oder zerbrochene Edelsteine kann ich jedoch leider nicht wiederherstellen.<\/p>\n<p>Einen Reparaturservice f\u00fcr Teile, die nicht aus meiner eigenen Herstellung kommen, biete ich aber nicht an.<br \/>\nEs besteht allerdings die M\u00f6glichkeit, vorhandene Steine oder Ketten in ein neues Schmuckst\u00fcck aufzunehmen.<\/p>\n<p>Bitte rufen Sie mich an und ich bespreche gerne mit Ihnen, wie es weitergeht.<\/p>\n<\/div><\/div><\/div><div class=\"fusion-panel panel-default fusion-faq-post fusion-faq-post-11650 schmuck \"><span class=\"entry-title rich-snippet-hidden\">K\u00f6nnen Sie Einzelanfertigungen herstellen?<\/span><span class=\"vcard rich-snippet-hidden\"><span class=\"fn\"><a href=\"http:\/\/www.susanne-frigge.de\/schmuck\/blog\/author\/susannefrigge\/\" title=\"Beitr\u00e4ge von SusanneFrigge\" rel=\"author\">SusanneFrigge<\/a><\/span><\/span><span class=\"updated rich-snippet-hidden\">2015-04-20T20:08:52+02:00<\/span><div class=\"panel-heading\"><h4 id=\"faq_1-11650\" class=\"panel-title toggle\"><a data-toggle=\"collapse\" class=\"collapsed\" data-parent=\"#accordian-1\" data-target=\"#collapse-1-11650\" href=\"#collapse-1-11650\" aria-expanded=\"false\"><div class=\"fusion-toggle-icon-wrapper\"><div class=\"fusion-toggle-icon-wrapper-main\"><div class=\"fusion-toggle-icon-wrapper-sub\"><i class=\"fa-fusion-box active-icon awb-icon-minus\" aria-hidden=\"true\"><\/i><i class=\"fa-fusion-box inactive-icon awb-icon-plus\" aria-hidden=\"true\"><\/i><\/div><\/div><\/div><div class=\"fusion-toggle-heading\">K\u00f6nnen Sie Einzelanfertigungen herstellen?<\/div><\/a><\/h4><\/div><div id=\"collapse-1-11650\" aria-labelledby=\"faq_1-11650\" class=\"panel-collapse collapse\"><div class=\"panel-body toggle-content post-content\"><p>Ja, je nach Wunsch kann ich Ihnen ein besonderes St\u00fcck anfertigen, sofern es meinem Stil und meinen F\u00e4higkeiten entspricht. Sollten Sie schon Materialien wie Edelsteine oder Perlen besitzen, k\u00f6nnen wir gerne versuchen, diese zu verwenden. Bitte rufen Sie mich an, um alle weiteren Einzelheiten zu besprechen.<\/p>\n<\/div><\/div><\/div><div class=\"fusion-panel panel-default fusion-faq-post fusion-faq-post-11648 ausstellungen \"><span class=\"entry-title rich-snippet-hidden\">Kann ich auf den Ausstellungen auch etwas kaufen?<\/span><span class=\"vcard rich-snippet-hidden\"><span class=\"fn\"><a href=\"http:\/\/www.susanne-frigge.de\/schmuck\/blog\/author\/susannefrigge\/\" title=\"Beitr\u00e4ge von SusanneFrigge\" rel=\"author\">SusanneFrigge<\/a><\/span><\/span><span class=\"updated rich-snippet-hidden\">2015-04-20T20:09:46+02:00<\/span><div class=\"panel-heading\"><h4 id=\"faq_1-11648\" class=\"panel-title toggle\"><a data-toggle=\"collapse\" class=\"collapsed\" data-parent=\"#accordian-1\" data-target=\"#collapse-1-11648\" href=\"#collapse-1-11648\" aria-expanded=\"false\"><div class=\"fusion-toggle-icon-wrapper\"><div class=\"fusion-toggle-icon-wrapper-main\"><div class=\"fusion-toggle-icon-wrapper-sub\"><i class=\"fa-fusion-box active-icon awb-icon-minus\" aria-hidden=\"true\"><\/i><i class=\"fa-fusion-box inactive-icon awb-icon-plus\" aria-hidden=\"true\"><\/i><\/div><\/div><\/div><div class=\"fusion-toggle-heading\">Kann ich auf den Ausstellungen auch etwas kaufen?<\/div><\/a><\/h4><\/div><div id=\"collapse-1-11648\" aria-labelledby=\"faq_1-11648\" class=\"panel-collapse collapse\"><div class=\"panel-body toggle-content post-content\"><p>Ja, selbstverst\u00e4ndlich k\u00f6nnen Sie auch kaufen. Die meisten Schmuckst\u00fccke kann ich Ihnen auch sofort mitgeben, sofern Sie eine kleine Anzahlung leisten. Der Restbetrag kann einfach \u00fcberwiesen werden. Einige besondere St\u00fccke, die f\u00fcr die Ausstellung von Bedeutung sind,\u00a0schicke ich Ihnen umgehend nach der Ausstellung\u00a0versandkostenfrei.<\/p>\n<\/div><\/div><\/div><div class=\"fusion-panel panel-default fusion-faq-post fusion-faq-post-11646 kontakt \"><span class=\"entry-title rich-snippet-hidden\">Haben Sie einen Newsletter?<\/span><span class=\"vcard rich-snippet-hidden\"><span class=\"fn\"><a href=\"http:\/\/www.susanne-frigge.de\/schmuck\/blog\/author\/susannefrigge\/\" title=\"Beitr\u00e4ge von SusanneFrigge\" rel=\"author\">SusanneFrigge<\/a><\/span><\/span><span class=\"updated rich-snippet-hidden\">2015-04-20T20:10:37+02:00<\/span><div class=\"panel-heading\"><h4 id=\"faq_1-11646\" class=\"panel-title toggle\"><a data-toggle=\"collapse\" class=\"collapsed\" data-parent=\"#accordian-1\" data-target=\"#collapse-1-11646\" href=\"#collapse-1-11646\" aria-expanded=\"false\"><div class=\"fusion-toggle-icon-wrapper\"><div class=\"fusion-toggle-icon-wrapper-main\"><div class=\"fusion-toggle-icon-wrapper-sub\"><i class=\"fa-fusion-box active-icon awb-icon-minus\" aria-hidden=\"true\"><\/i><i class=\"fa-fusion-box inactive-icon awb-icon-plus\" aria-hidden=\"true\"><\/i><\/div><\/div><\/div><div class=\"fusion-toggle-heading\">Haben Sie einen Newsletter?<\/div><\/a><\/h4><\/div><div id=\"collapse-1-11646\" aria-labelledby=\"faq_1-11646\" class=\"panel-collapse collapse\"><div class=\"panel-body toggle-content post-content\"><p>Ja, alle zwei bis drei Monate verschicke ich einen Newsletter, in dem Sie neuste Informationen zu kommenden Ausstellungen und Kollektionen erhalten.<br \/>\nEs geht mir nat\u00fcrlich nicht darum, Ihnen t\u00e4glich eine Email zu schreiben!\u00a0Sie k\u00f6nnen also sicher sein, dass ich nur sehr selten wichtige Neuigkeiten und Termine verschicke.\u00a0Ich freue mich Sie in meiner Liste aufnehmen zu d\u00fcrfen.<\/p>\n<p>Sie k\u00f6nnen im Bereich &#8222;Kontakt&#8220; Ihre Email-Adresse angeben und sich so f\u00fcr den Newsletter anmelden.<\/p>\n<\/div><\/div><\/div><\/div><\/div><\/div><\/div><\/div><\/div><\/div><\/div><\/p>\n","protected":false},"excerpt":{"rendered":"","protected":false},"author":1,"featured_media":0,"parent":0,"menu_order":0,"comment_status":"open","ping_status":"open","template":"","meta":{"footnotes":""},"class_list":["post-11637","page","type-page","status-publish","hentry"],"_links":{"self":[{"href":"http:\/\/www.susanne-frigge.de\/schmuck\/wp-json\/wp\/v2\/pages\/11637","targetHints":{"allow":["GET"]}}],"collection":[{"href":"http:\/\/www.susanne-frigge.de\/schmuck\/wp-json\/wp\/v2\/pages"}],"about":[{"href":"http:\/\/www.susanne-frigge.de\/schmuck\/wp-json\/wp\/v2\/types\/page"}],"author":[{"embeddable":true,"href":"http:\/\/www.susanne-frigge.de\/schmuck\/wp-json\/wp\/v2\/users\/1"}],"replies":[{"embeddable":true,"href":"http:\/\/www.susanne-frigge.de\/schmuck\/wp-json\/wp\/v2\/comments?post=11637"}],"version-history":[{"count":10,"href":"http:\/\/www.susanne-frigge.de\/schmuck\/wp-json\/wp\/v2\/pages\/11637\/revisions"}],"predecessor-version":[{"id":13763,"href":"http:\/\/www.susanne-frigge.de\/schmuck\/wp-json\/wp\/v2\/pages\/11637\/revisions\/13763"}],"wp:attachment":[{"href":"http:\/\/www.susanne-frigge.de\/schmuck\/wp-json\/wp\/v2\/media?parent=11637"}],"curies":[{"name":"wp","href":"https:\/\/api.w.org\/{rel}","templated":true}]}}